{"id":624,"date":"2022-03-16T15:52:17","date_gmt":"2022-03-16T18:52:17","guid":{"rendered":"https:\/\/unicopas.org.br\/unicopas\/biblioteca\/?post_type=product&#038;p=624"},"modified":"2022-08-28T18:11:52","modified_gmt":"2022-08-28T21:11:52","slug":"a-historia-do-cooperativismo-solidario-no-mundo-e-no-brasil-com-reflexao-sobre-a-cooperacao-nas-comunidades-quilombolas-e-povos-indigenas","status":"publish","type":"product","link":"https:\/\/unicopas.org.br\/biblioteca\/produto\/a-historia-do-cooperativismo-solidario-no-mundo-e-no-brasil-com-reflexao-sobre-a-cooperacao-nas-comunidades-quilombolas-e-povos-indigenas\/","title":{"rendered":"A hist\u00f3ria do cooperativismo solid\u00e1rio no mundo e no Brasil, com reflex\u00e3o sobre a coopera\u00e7\u00e3o nas comunidades quilombolas e povos ind\u00edgenas."},"content":{"rendered":"<p>A coopera\u00e7\u00e3o \u00e9 inerente \u00e0 humanidade. Na busca da solu\u00e7\u00e3o dos problemas, especialmente das popula\u00e7\u00f5es mais pobres, utilizou-se o cooperativismo como instrumento essencial. Mesmo que o chamado \u201cmundo civilizado\u201d tenha proposto um modelo de cooperativa, as popula\u00e7\u00f5es ind\u00edgenas e quilombolas trazem elementos fundamentais de organiza\u00e7\u00e3o social e econ\u00f4mica que enriquecem em muito o que se demanda no esfor\u00e7o de expans\u00e3o do cooperativismo no Brasil e no mundo.<\/p>\n","protected":false},"excerpt":{"rendered":"<p>Na busca da solu\u00e7\u00e3o dos problemas, especialmente das popula\u00e7\u00f5es mais pobres, utilizou-se o cooperativismo como instrumento essencial.<\/p>\n","protected":false},"featured_media":720,"comment_status":"open","ping_status":"closed","template":"","meta":{"_coblocks_attr":"","_coblocks_dimensions":"","_coblocks_responsive_height":"","_coblocks_accordion_ie_support":"","site-sidebar-layout":"default","site-content-layout":"default","ast-global-header-display":"","ast-main-header-display":"","ast-hfb-above-header-display":"","ast-hfb-below-header-display":"","ast-hfb-mobile-header-display":"","site-post-title":"","ast-breadcrumbs-content":"","ast-featured-img":"","footer-sml-layout":"","theme-transparent-header-meta":"default","adv-header-id-meta":"","stick-header-meta":"","header-above-stick-meta":"","header-main-stick-meta":"","header-below-stick-meta":""},"product_cat":[64],"product_tag":[61,73],"class_list":["post-624","product","type-product","status-publish","has-post-thumbnail","hentry","product_cat-materiais","product_tag-cooperativismo-e-economia-solidaria","product_tag-unicopas"],"_links":{"self":[{"href":"https:\/\/unicopas.org.br\/biblioteca\/wp-json\/wp\/v2\/product\/624","targetHints":{"allow":["GET"]}}],"collection":[{"href":"https:\/\/unicopas.org.br\/biblioteca\/wp-json\/wp\/v2\/product"}],"about":[{"href":"https:\/\/unicopas.org.br\/biblioteca\/wp-json\/wp\/v2\/types\/product"}],"replies":[{"embeddable":true,"href":"https:\/\/unicopas.org.br\/biblioteca\/wp-json\/wp\/v2\/comments?post=624"}],"wp:featuredmedia":[{"embeddable":true,"href":"https:\/\/unicopas.org.br\/biblioteca\/wp-json\/wp\/v2\/media\/720"}],"wp:attachment":[{"href":"https:\/\/unicopas.org.br\/biblioteca\/wp-json\/wp\/v2\/media?parent=624"}],"wp:term":[{"taxonomy":"product_cat","embeddable":true,"href":"https:\/\/unicopas.org.br\/biblioteca\/wp-json\/wp\/v2\/product_cat?post=624"},{"taxonomy":"product_tag","embeddable":true,"href":"https:\/\/unicopas.org.br\/biblioteca\/wp-json\/wp\/v2\/product_tag?post=624"}],"curies":[{"name":"wp","href":"https:\/\/api.w.org\/{rel}","templated":true}]}}