{"id":618,"date":"2022-03-16T15:39:40","date_gmt":"2022-03-16T18:39:40","guid":{"rendered":"https:\/\/unicopas.org.br\/unicopas\/biblioteca\/?post_type=product&#038;p=618"},"modified":"2022-03-30T15:18:10","modified_gmt":"2022-03-30T18:18:10","slug":"censo-agropecuario-2017-um-perfil-da-agricultura-familiar","status":"publish","type":"product","link":"https:\/\/unicopas.org.br\/biblioteca\/produto\/censo-agropecuario-2017-um-perfil-da-agricultura-familiar\/","title":{"rendered":"Censo Agropecu\u00e1rio 2017: Um Perfil da Agricultura Familiar"},"content":{"rendered":"<p>Em julho de 2018 e novembro de 2019 divulgamos an\u00e1lises, respectivamente, dos resultados preliminares e definitivos do Censo Agropecu\u00e1rio de 2017, divulgados pelo IBGE. Em ambos os casos, os documentos procuraram interpretar os fen\u00f4menos do agr\u00e1rio em perspectiva considerando o per\u00edodo de 2006 a 2017. Com a an\u00e1lise dos resultados preliminares abordamos as vari\u00e1veis gerais que definiam os estabelecimentos agropecu\u00e1rios no Brasil, e alguns fen\u00f4menos associados.<\/p>\n","protected":false},"excerpt":{"rendered":"<p>Com a an\u00e1lise dos resultados preliminares abordamos as vari\u00e1veis gerais que definiam os estabelecimentos agropecu\u00e1rios no Brasil, e alguns fen\u00f4menos associados.<\/p>\n","protected":false},"featured_media":619,"comment_status":"open","ping_status":"closed","template":"","meta":{"_coblocks_attr":"","_coblocks_dimensions":"","_coblocks_responsive_height":"","_coblocks_accordion_ie_support":"","site-sidebar-layout":"default","site-content-layout":"default","ast-global-header-display":"","ast-main-header-display":"","ast-hfb-above-header-display":"","ast-hfb-below-header-display":"","ast-hfb-mobile-header-display":"","site-post-title":"","ast-breadcrumbs-content":"","ast-featured-img":"","footer-sml-layout":"","theme-transparent-header-meta":"default","adv-header-id-meta":"","stick-header-meta":"","header-above-stick-meta":"","header-main-stick-meta":"","header-below-stick-meta":""},"product_cat":[65],"product_tag":[62],"class_list":["post-618","product","type-product","status-publish","has-post-thumbnail","hentry","product_cat-artigos-e-dissertacoes","product_tag-agricultura-familiar-e-agroecologia"],"_links":{"self":[{"href":"https:\/\/unicopas.org.br\/biblioteca\/wp-json\/wp\/v2\/product\/618","targetHints":{"allow":["GET"]}}],"collection":[{"href":"https:\/\/unicopas.org.br\/biblioteca\/wp-json\/wp\/v2\/product"}],"about":[{"href":"https:\/\/unicopas.org.br\/biblioteca\/wp-json\/wp\/v2\/types\/product"}],"replies":[{"embeddable":true,"href":"https:\/\/unicopas.org.br\/biblioteca\/wp-json\/wp\/v2\/comments?post=618"}],"wp:featuredmedia":[{"embeddable":true,"href":"https:\/\/unicopas.org.br\/biblioteca\/wp-json\/wp\/v2\/media\/619"}],"wp:attachment":[{"href":"https:\/\/unicopas.org.br\/biblioteca\/wp-json\/wp\/v2\/media?parent=618"}],"wp:term":[{"taxonomy":"product_cat","embeddable":true,"href":"https:\/\/unicopas.org.br\/biblioteca\/wp-json\/wp\/v2\/product_cat?post=618"},{"taxonomy":"product_tag","embeddable":true,"href":"https:\/\/unicopas.org.br\/biblioteca\/wp-json\/wp\/v2\/product_tag?post=618"}],"curies":[{"name":"wp","href":"https:\/\/api.w.org\/{rel}","templated":true}]}}