{"id":608,"date":"2022-03-16T15:16:37","date_gmt":"2022-03-16T18:16:37","guid":{"rendered":"https:\/\/unicopas.org.br\/unicopas\/biblioteca\/?post_type=product&#038;p=608"},"modified":"2022-03-30T15:19:42","modified_gmt":"2022-03-30T18:19:42","slug":"movimentos-sociais-questoes-de-genero-e-educacao-na-experiencia-do-mst","status":"publish","type":"product","link":"https:\/\/unicopas.org.br\/biblioteca\/produto\/movimentos-sociais-questoes-de-genero-e-educacao-na-experiencia-do-mst\/","title":{"rendered":"Movimentos Sociais: Quest\u00f5es de G\u00eanero e Educa\u00e7\u00e3o na Experi\u00eancia do MST"},"content":{"rendered":"<p>Ao problematizar os desafios dos movimentos sociais na perspectiva de fortalecer e valorar novas pr\u00e1ticas educativas e formativas nas rela\u00e7\u00f5es de g\u00eanero faz-se necess\u00e1rio trazer junto a reflex\u00e3o da quest\u00e3o hist\u00f3rica das desigualdades sociais e pol\u00edticas e como os movimentos sociais vem enfrentando essas quest\u00f5es.<\/p>\n","protected":false},"excerpt":{"rendered":"<p>Ao problematizar os desafios dos movimentos sociais na perspectiva de fortalecer e valorar novas pr\u00e1ticas educativas e formativas nas rela\u00e7\u00f5es de g\u00eanero faz-se necess\u00e1rio trazer junto a reflex\u00e3o da quest\u00e3o hist\u00f3rica das desigualdades sociais e pol\u00edticas e como os movimentos sociais vem enfrentando essas quest\u00f5es.<\/p>\n","protected":false},"featured_media":609,"comment_status":"open","ping_status":"closed","template":"","meta":{"_coblocks_attr":"","_coblocks_dimensions":"","_coblocks_responsive_height":"","_coblocks_accordion_ie_support":"","site-sidebar-layout":"default","site-content-layout":"default","ast-global-header-display":"","ast-main-header-display":"","ast-hfb-above-header-display":"","ast-hfb-below-header-display":"","ast-hfb-mobile-header-display":"","site-post-title":"","ast-breadcrumbs-content":"","ast-featured-img":"","footer-sml-layout":"","theme-transparent-header-meta":"default","adv-header-id-meta":"","stick-header-meta":"","header-above-stick-meta":"","header-main-stick-meta":"","header-below-stick-meta":""},"product_cat":[65],"product_tag":[19],"class_list":["post-608","product","type-product","status-publish","has-post-thumbnail","hentry","product_cat-artigos-e-dissertacoes","product_tag-mulheres"],"_links":{"self":[{"href":"https:\/\/unicopas.org.br\/biblioteca\/wp-json\/wp\/v2\/product\/608","targetHints":{"allow":["GET"]}}],"collection":[{"href":"https:\/\/unicopas.org.br\/biblioteca\/wp-json\/wp\/v2\/product"}],"about":[{"href":"https:\/\/unicopas.org.br\/biblioteca\/wp-json\/wp\/v2\/types\/product"}],"replies":[{"embeddable":true,"href":"https:\/\/unicopas.org.br\/biblioteca\/wp-json\/wp\/v2\/comments?post=608"}],"wp:featuredmedia":[{"embeddable":true,"href":"https:\/\/unicopas.org.br\/biblioteca\/wp-json\/wp\/v2\/media\/609"}],"wp:attachment":[{"href":"https:\/\/unicopas.org.br\/biblioteca\/wp-json\/wp\/v2\/media?parent=608"}],"wp:term":[{"taxonomy":"product_cat","embeddable":true,"href":"https:\/\/unicopas.org.br\/biblioteca\/wp-json\/wp\/v2\/product_cat?post=608"},{"taxonomy":"product_tag","embeddable":true,"href":"https:\/\/unicopas.org.br\/biblioteca\/wp-json\/wp\/v2\/product_tag?post=608"}],"curies":[{"name":"wp","href":"https:\/\/api.w.org\/{rel}","templated":true}]}}