{"id":599,"date":"2022-03-16T14:56:21","date_gmt":"2022-03-16T17:56:21","guid":{"rendered":"https:\/\/unicopas.org.br\/unicopas\/biblioteca\/?post_type=product&#038;p=599"},"modified":"2022-03-30T15:20:58","modified_gmt":"2022-03-30T18:20:58","slug":"genero-e-reproducao-social-na-agricultura-familiar","status":"publish","type":"product","link":"https:\/\/unicopas.org.br\/biblioteca\/produto\/genero-e-reproducao-social-na-agricultura-familiar\/","title":{"rendered":"G\u00eanero e Reprodu\u00e7\u00e3o Social na Agricultura Familiar"},"content":{"rendered":"<p>O texto apresenta quest\u00f5es anal\u00edticas sobre reprodu\u00e7\u00e3o social na agricultura familiar, com base na bibliografia existente sobre o assunto. Examinando diferentes perspectivas relativas \u00e0 reprodu\u00e7\u00e3o social e na agricultura familiar, o texto d\u00e1 \u00eanfase a abordagens que consideram a sucess\u00e3o geracional nesta atividade.<\/p>\n","protected":false},"excerpt":{"rendered":"<p>O texto apresenta quest\u00f5es anal\u00edticas sobre reprodu\u00e7\u00e3o social na agricultura familiar, com base na bibliografia existente sobre o assunto. Examinando diferentes perspectivas relativas \u00e0 reprodu\u00e7\u00e3o social e na agricultura familiar, o texto d\u00e1 \u00eanfase a abordagens que consideram a sucess\u00e3o geracional nesta atividade.<\/p>\n","protected":false},"featured_media":601,"comment_status":"open","ping_status":"closed","template":"","meta":{"_coblocks_attr":"","_coblocks_dimensions":"","_coblocks_responsive_height":"","_coblocks_accordion_ie_support":"","site-sidebar-layout":"default","site-content-layout":"default","ast-global-header-display":"","ast-main-header-display":"","ast-hfb-above-header-display":"","ast-hfb-below-header-display":"","ast-hfb-mobile-header-display":"","site-post-title":"","ast-breadcrumbs-content":"","ast-featured-img":"","footer-sml-layout":"","theme-transparent-header-meta":"default","adv-header-id-meta":"","stick-header-meta":"","header-above-stick-meta":"","header-main-stick-meta":"","header-below-stick-meta":""},"product_cat":[65],"product_tag":[19],"class_list":["post-599","product","type-product","status-publish","has-post-thumbnail","hentry","product_cat-artigos-e-dissertacoes","product_tag-mulheres"],"_links":{"self":[{"href":"https:\/\/unicopas.org.br\/biblioteca\/wp-json\/wp\/v2\/product\/599","targetHints":{"allow":["GET"]}}],"collection":[{"href":"https:\/\/unicopas.org.br\/biblioteca\/wp-json\/wp\/v2\/product"}],"about":[{"href":"https:\/\/unicopas.org.br\/biblioteca\/wp-json\/wp\/v2\/types\/product"}],"replies":[{"embeddable":true,"href":"https:\/\/unicopas.org.br\/biblioteca\/wp-json\/wp\/v2\/comments?post=599"}],"wp:featuredmedia":[{"embeddable":true,"href":"https:\/\/unicopas.org.br\/biblioteca\/wp-json\/wp\/v2\/media\/601"}],"wp:attachment":[{"href":"https:\/\/unicopas.org.br\/biblioteca\/wp-json\/wp\/v2\/media?parent=599"}],"wp:term":[{"taxonomy":"product_cat","embeddable":true,"href":"https:\/\/unicopas.org.br\/biblioteca\/wp-json\/wp\/v2\/product_cat?post=599"},{"taxonomy":"product_tag","embeddable":true,"href":"https:\/\/unicopas.org.br\/biblioteca\/wp-json\/wp\/v2\/product_tag?post=599"}],"curies":[{"name":"wp","href":"https:\/\/api.w.org\/{rel}","templated":true}]}}