{"id":586,"date":"2022-03-16T14:03:07","date_gmt":"2022-03-16T17:03:07","guid":{"rendered":"https:\/\/unicopas.org.br\/unicopas\/biblioteca\/?post_type=product&#038;p=586"},"modified":"2022-03-30T15:22:23","modified_gmt":"2022-03-30T18:22:23","slug":"desenvolvimento-capitalista-e-desenvolvimento-solidario","status":"publish","type":"product","link":"https:\/\/unicopas.org.br\/biblioteca\/produto\/desenvolvimento-capitalista-e-desenvolvimento-solidario\/","title":{"rendered":"Desenvolvimento Capitalista e Desenvolvimento Solid\u00e1rio"},"content":{"rendered":"<p>Entendemos por desenvolvimento solid\u00e1rio um processo de fomento de novas for\u00e7as produtivas e de instaura\u00e7\u00e3o de novas rela\u00e7\u00f5es de produ\u00e7\u00e3o, de modo a promover um processo sustent\u00e1vel de crescimento econ\u00f4mico, que preserve a natureza e redistribua os frutos do crescimento a favor dos que se encontram marginalizados da produ\u00e7\u00e3o social e da frui\u00e7\u00e3o dos resultados.<\/p>\n","protected":false},"excerpt":{"rendered":"<p>Entendemos por desenvolvimento solid\u00e1rio um processo de fomento de novas for\u00e7as produtivas e de instaura\u00e7\u00e3o de novas rela\u00e7\u00f5es de produ\u00e7\u00e3o, de modo a promover um processo sustent\u00e1vel de crescimento econ\u00f4mico.<\/p>\n","protected":false},"featured_media":587,"comment_status":"open","ping_status":"closed","template":"","meta":{"_coblocks_attr":"","_coblocks_dimensions":"","_coblocks_responsive_height":"","_coblocks_accordion_ie_support":"","site-sidebar-layout":"default","site-content-layout":"default","ast-global-header-display":"","ast-main-header-display":"","ast-hfb-above-header-display":"","ast-hfb-below-header-display":"","ast-hfb-mobile-header-display":"","site-post-title":"","ast-breadcrumbs-content":"","ast-featured-img":"","footer-sml-layout":"","theme-transparent-header-meta":"default","adv-header-id-meta":"","stick-header-meta":"","header-above-stick-meta":"","header-main-stick-meta":"","header-below-stick-meta":""},"product_cat":[65],"product_tag":[61],"class_list":["post-586","product","type-product","status-publish","has-post-thumbnail","hentry","product_cat-artigos-e-dissertacoes","product_tag-cooperativismo-e-economia-solidaria"],"_links":{"self":[{"href":"https:\/\/unicopas.org.br\/biblioteca\/wp-json\/wp\/v2\/product\/586","targetHints":{"allow":["GET"]}}],"collection":[{"href":"https:\/\/unicopas.org.br\/biblioteca\/wp-json\/wp\/v2\/product"}],"about":[{"href":"https:\/\/unicopas.org.br\/biblioteca\/wp-json\/wp\/v2\/types\/product"}],"replies":[{"embeddable":true,"href":"https:\/\/unicopas.org.br\/biblioteca\/wp-json\/wp\/v2\/comments?post=586"}],"wp:featuredmedia":[{"embeddable":true,"href":"https:\/\/unicopas.org.br\/biblioteca\/wp-json\/wp\/v2\/media\/587"}],"wp:attachment":[{"href":"https:\/\/unicopas.org.br\/biblioteca\/wp-json\/wp\/v2\/media?parent=586"}],"wp:term":[{"taxonomy":"product_cat","embeddable":true,"href":"https:\/\/unicopas.org.br\/biblioteca\/wp-json\/wp\/v2\/product_cat?post=586"},{"taxonomy":"product_tag","embeddable":true,"href":"https:\/\/unicopas.org.br\/biblioteca\/wp-json\/wp\/v2\/product_tag?post=586"}],"curies":[{"name":"wp","href":"https:\/\/api.w.org\/{rel}","templated":true}]}}