{"id":488,"date":"2022-03-03T22:01:09","date_gmt":"2022-03-04T01:01:09","guid":{"rendered":"https:\/\/unicopas.org.br\/unicopas\/biblioteca\/?post_type=product&#038;p=488"},"modified":"2022-03-30T15:23:53","modified_gmt":"2022-03-30T18:23:53","slug":"mst-territorio-sistema-cooperativista","status":"publish","type":"product","link":"https:\/\/unicopas.org.br\/biblioteca\/produto\/mst-territorio-sistema-cooperativista\/","title":{"rendered":"MST: Reorganiza\u00e7\u00e3o Pol\u00edtico-Territorial dos Assentamentos e a Consolida\u00e7\u00e3o do Sistema Cooperativista dos Assentados"},"content":{"rendered":"<p>A organiza\u00e7\u00e3o cooperativa \u00e9 entendida como uma forma de organiza\u00e7\u00e3o do trabalho e da produ\u00e7\u00e3o, cujo objetivo \u00e9 expressar, enquanto resultados concretos, a sua pr\u00f3pria viabilidade socioecon\u00f4mica e o processo de gest\u00e3o pol\u00edtico &#8211; territorial em pauta. Ou seja, a coopera\u00e7\u00e3o agr\u00edcola, internamente ao MST, coloca-se como uma estrutura socioecon\u00f4mica cuja introspec\u00e7\u00e3o volta-se para a pr\u00f3pria consolida\u00e7\u00e3o da sua sustentabilidade pol\u00edtico &#8211; ideol\u00f3gica.\u00a0Este texto est\u00e1 voltado para a explicita\u00e7\u00e3o de um aprofundamento te\u00f3rico &#8211; conceitual acerca da tem\u00e1tica em quest\u00e3o.<\/p>\n","protected":false},"excerpt":{"rendered":"<p>Este texto est\u00e1 voltado para a explicita\u00e7\u00e3o de um aprofundamento te\u00f3rico &#8211; conceitual acerca da tem\u00e1tica em quest\u00e3o.<\/p>\n","protected":false},"featured_media":490,"comment_status":"open","ping_status":"closed","template":"","meta":{"_coblocks_attr":"","_coblocks_dimensions":"","_coblocks_responsive_height":"","_coblocks_accordion_ie_support":"","site-sidebar-layout":"default","site-content-layout":"default","ast-global-header-display":"","ast-main-header-display":"","ast-hfb-above-header-display":"","ast-hfb-below-header-display":"","ast-hfb-mobile-header-display":"","site-post-title":"","ast-breadcrumbs-content":"","ast-featured-img":"","footer-sml-layout":"","theme-transparent-header-meta":"default","adv-header-id-meta":"","stick-header-meta":"","header-above-stick-meta":"","header-main-stick-meta":"","header-below-stick-meta":""},"product_cat":[65],"product_tag":[62],"class_list":["post-488","product","type-product","status-publish","has-post-thumbnail","hentry","product_cat-artigos-e-dissertacoes","product_tag-agricultura-familiar-e-agroecologia"],"_links":{"self":[{"href":"https:\/\/unicopas.org.br\/biblioteca\/wp-json\/wp\/v2\/product\/488","targetHints":{"allow":["GET"]}}],"collection":[{"href":"https:\/\/unicopas.org.br\/biblioteca\/wp-json\/wp\/v2\/product"}],"about":[{"href":"https:\/\/unicopas.org.br\/biblioteca\/wp-json\/wp\/v2\/types\/product"}],"replies":[{"embeddable":true,"href":"https:\/\/unicopas.org.br\/biblioteca\/wp-json\/wp\/v2\/comments?post=488"}],"wp:featuredmedia":[{"embeddable":true,"href":"https:\/\/unicopas.org.br\/biblioteca\/wp-json\/wp\/v2\/media\/490"}],"wp:attachment":[{"href":"https:\/\/unicopas.org.br\/biblioteca\/wp-json\/wp\/v2\/media?parent=488"}],"wp:term":[{"taxonomy":"product_cat","embeddable":true,"href":"https:\/\/unicopas.org.br\/biblioteca\/wp-json\/wp\/v2\/product_cat?post=488"},{"taxonomy":"product_tag","embeddable":true,"href":"https:\/\/unicopas.org.br\/biblioteca\/wp-json\/wp\/v2\/product_tag?post=488"}],"curies":[{"name":"wp","href":"https:\/\/api.w.org\/{rel}","templated":true}]}}