{"id":306,"date":"2022-03-02T23:34:54","date_gmt":"2022-03-03T02:34:54","guid":{"rendered":"https:\/\/unicopas.org.br\/unicopas\/biblioteca\/?post_type=product&#038;p=306"},"modified":"2024-07-10T08:47:19","modified_gmt":"2024-07-10T11:47:19","slug":"empreendimentos-solidarios","status":"publish","type":"product","link":"https:\/\/unicopas.org.br\/biblioteca\/produto\/empreendimentos-solidarios\/","title":{"rendered":"Empreendimentos Solid\u00e1rios"},"content":{"rendered":"<p>Esta publica\u00e7\u00e3o apresenta os frutos da parceria desenvolvida entre a UNISOL Brasil e o SEBRAE Nacional, para impulsionar a Economia Solid\u00e1ria no Brasil. Novas enquanto pol\u00edticas p\u00fablicas, as ideas e a pr\u00e1tica da autogest\u00e3o e do cooperativismo j\u00e1 percorreram um longo caminho at\u00e9 chegarem aonde chegaram. Desde a Revolu\u00e7\u00e3o Industrial, temos not\u00edcias de empreendi- mentos organizados de forma auto gestion\u00e1ria e, mesmo aqui, no Brasil, a lei que regulamenta o cooperativismo \u00e9 do in\u00edcio da d\u00e9cada de 70, momento em que se expandia a organiza\u00e7\u00e3o de produtores agr\u00edcolas em cooperativas de produ\u00e7\u00e3o.<\/p>\n","protected":false},"excerpt":{"rendered":"<p>Esta publica\u00e7\u00e3o apresenta os frutos da parceria desenvolvida entre a UNISOL Brasil e o SEBRAE Nacional, para impulsionar a Economia Solid\u00e1ria no Brasil.<\/p>\n","protected":false},"featured_media":445,"comment_status":"open","ping_status":"closed","template":"","meta":{"_coblocks_attr":"","_coblocks_dimensions":"","_coblocks_responsive_height":"","_coblocks_accordion_ie_support":"","site-sidebar-layout":"default","site-content-layout":"default","ast-global-header-display":"","ast-main-header-display":"","ast-hfb-above-header-display":"","ast-hfb-below-header-display":"","ast-hfb-mobile-header-display":"","site-post-title":"","ast-breadcrumbs-content":"","ast-featured-img":"","footer-sml-layout":"","theme-transparent-header-meta":"default","adv-header-id-meta":"","stick-header-meta":"","header-above-stick-meta":"","header-main-stick-meta":"","header-below-stick-meta":""},"product_cat":[63],"product_tag":[61],"class_list":["post-306","product","type-product","status-publish","has-post-thumbnail","hentry","product_cat-jornais-e-revistas","product_tag-cooperativismo-e-economia-solidaria"],"_links":{"self":[{"href":"https:\/\/unicopas.org.br\/biblioteca\/wp-json\/wp\/v2\/product\/306","targetHints":{"allow":["GET"]}}],"collection":[{"href":"https:\/\/unicopas.org.br\/biblioteca\/wp-json\/wp\/v2\/product"}],"about":[{"href":"https:\/\/unicopas.org.br\/biblioteca\/wp-json\/wp\/v2\/types\/product"}],"replies":[{"embeddable":true,"href":"https:\/\/unicopas.org.br\/biblioteca\/wp-json\/wp\/v2\/comments?post=306"}],"wp:featuredmedia":[{"embeddable":true,"href":"https:\/\/unicopas.org.br\/biblioteca\/wp-json\/wp\/v2\/media\/445"}],"wp:attachment":[{"href":"https:\/\/unicopas.org.br\/biblioteca\/wp-json\/wp\/v2\/media?parent=306"}],"wp:term":[{"taxonomy":"product_cat","embeddable":true,"href":"https:\/\/unicopas.org.br\/biblioteca\/wp-json\/wp\/v2\/product_cat?post=306"},{"taxonomy":"product_tag","embeddable":true,"href":"https:\/\/unicopas.org.br\/biblioteca\/wp-json\/wp\/v2\/product_tag?post=306"}],"curies":[{"name":"wp","href":"https:\/\/api.w.org\/{rel}","templated":true}]}}