{"id":576,"date":"2022-03-15T22:32:47","date_gmt":"2022-03-16T01:32:47","guid":{"rendered":"https:\/\/unicopas.org.br\/unicopas\/biblioteca\/?page_id=576"},"modified":"2022-08-26T16:26:23","modified_gmt":"2022-08-26T19:26:23","slug":"audios","status":"publish","type":"page","link":"https:\/\/unicopas.org.br\/biblioteca\/audios\/","title":{"rendered":"Audios"},"content":{"rendered":"\n<p class=\"has-medium-font-size\">Escolha um programa para ouvir a playlist<\/p>\n\n\n<p><iframe loading=\"lazy\" src=\"https:\/\/open.spotify.com\/embed\/playlist\/1ZujkF6lafuH1S13lzJI6L?utm_source=generator\" width=\"100%\" height=\"380\" frameborder=\"0\" allowfullscreen=\"\" allow=\"autoplay; clipboard-write; encrypted-media; fullscreen; picture-in-picture\"><\/iframe><\/p>\n\n\n<div id=\"sonaar_music_44\"><div class=\"sonaar_audioplayer_block_cover\"><article class=\"iron_widget_radio playlist_enabled\"><div class=\"iron-audioplayer  show-playlist sr_waveform_simplebar srp_hide_player\" id=\"arbitrary-instance-69ed4944675ea-dc670ba098\" data-id=\"arbitrary-instance-69ed4944675ea\" data-albums=\"36262,36112,36082,35919,257,253,624,618,615,613,610,608,606,604,602,599,595,591,589,586,583,582,499,488,486,330,327,324,322,321,317,316,312,308,306,305,302,300,296,291,289,287,285,283,282,279,277,275,273,271,269,268,266,263,262,260,259,15\"data-url-playlist=\"https:\/\/unicopas.org.br\/biblioteca\/?load=playlist.json&#038;title=&#038;albums=36262,36112,36082,35919,257,253,624,618,615,613,610,608,606,604,602,599,595,591,589,586,583,582,499,488,486,330,327,324,322,321,317,316,312,308,306,305,302,300,296,291,289,287,285,283,282,279,277,275,273,271,269,268,266,263,262,260,259,15&#038;feed_title=&#038;feed=&#038;feed_img=&#038;el_widget_id=&#038;artwork=&#038;posts_per_pages=99&#038;all_category=1&#038;single_playlist=&#038;reverse_tracklist=&#038;audio_meta_field=&#038;repeater_meta_field=\" data-sticky-player=\"\" data-shuffle=\"\" data-playlist_title=\"\" data-scrollbar=\"\" data-wave-color=\"\" data-wave-progress-color=\"\" data-no-wave=\"1\" data-hide-progressbar=\"\" data-feedurl=\"0\" data-notrackskip=\"\" data-no-loop-tracklist=\"\" data-playertemplate =\"skin_float_tracklist\" data-hide-artwork =\"\" data-speedrate=\"1\" style=\"opacity:0;\"><div class=\"sonaar-grid\" ><div class=\"sonaar-Artwort-box \">\n                <div class=\"control\">\n                    \n                <\/div>\n                    <div class=\"album\">\n                        <div class=\"album-art\">\n                            <img alt=\"album-art\">\n                        <\/div>\n                    <\/div>\n                <\/div><div class=\"playlist\"><h3 class=\"sr_it-playlist-title\"><\/h3><div class=\"srp_subtitle\"><\/div><div class=\"srp_tracklist\"><ul class\"\"><li \n            class=\"sr-playlist-item sr-playlist-item-flex\" \n            data-audiopath=\"https:\/\/unicopas.org.br\/biblioteca\/wp-content\/uploads\/sites\/3\/2022\/03\/boletim-4.mp3\"\n            data-showloading=\"1\"\n            data-albumTitle=\"Boletim\"\n            data-albumArt=\"https:\/\/unicopas.org.br\/biblioteca\/wp-content\/uploads\/sites\/3\/2022\/02\/logo_unicopas_horizontal.png\"\n            data-releasedate=\"\"\n            data-date=\"26 de agosto de 2022\"\n            data-show-date=\"\"\n            data-trackTitle=\"boletim 4\"\n            data-trackID=\"35970\"\n            data-trackTime=\"4:03\"\n            data-relatedTrack=\"\"\n            data-post-url=\"\"\n            data-post-id=\"36262\"\n            data-track-pos=0\n            data-track-lyric=\"\"\n            ><span class=\"store-list\"><\/span><\/li><li \n            class=\"sr-playlist-item sr-playlist-item-flex\" \n            data-audiopath=\"https:\/\/unicopas.org.br\/biblioteca\/wp-content\/uploads\/sites\/3\/2022\/03\/boletim-3.mp3\"\n            data-showloading=\"1\"\n            data-albumTitle=\"Boletim\"\n            data-albumArt=\"https:\/\/unicopas.org.br\/biblioteca\/wp-content\/uploads\/sites\/3\/2022\/02\/logo_unicopas_horizontal.png\"\n            data-releasedate=\"\"\n            data-date=\"26 de agosto de 2022\"\n            data-show-date=\"\"\n            data-trackTitle=\"boletim 3\"\n            data-trackID=\"35968\"\n            data-trackTime=\"3:54\"\n            data-relatedTrack=\"\"\n            data-post-url=\"\"\n            data-post-id=\"36262\"\n            data-track-pos=1\n            data-track-lyric=\"\"\n            ><span class=\"store-list\"><\/span><\/li><li \n            class=\"sr-playlist-item sr-playlist-item-flex\" \n            data-audiopath=\"https:\/\/unicopas.org.br\/biblioteca\/wp-content\/uploads\/sites\/3\/2022\/03\/boletim-2.mp3\"\n            data-showloading=\"1\"\n            data-albumTitle=\"Boletim\"\n            data-albumArt=\"https:\/\/unicopas.org.br\/biblioteca\/wp-content\/uploads\/sites\/3\/2022\/02\/logo_unicopas_horizontal.png\"\n            data-releasedate=\"\"\n            data-date=\"26 de agosto de 2022\"\n            data-show-date=\"\"\n            data-trackTitle=\"boletim 2\"\n            data-trackID=\"35967\"\n            data-trackTime=\"2:43\"\n            data-relatedTrack=\"\"\n            data-post-url=\"\"\n            data-post-id=\"36262\"\n            data-track-pos=2\n            data-track-lyric=\"\"\n            ><span class=\"store-list\"><\/span><\/li><li \n            class=\"sr-playlist-item sr-playlist-item-flex\" \n            data-audiopath=\"https:\/\/unicopas.org.br\/biblioteca\/wp-content\/uploads\/sites\/3\/2022\/03\/boletim-1.mp3\"\n            data-showloading=\"1\"\n            data-albumTitle=\"Boletim\"\n            data-albumArt=\"https:\/\/unicopas.org.br\/biblioteca\/wp-content\/uploads\/sites\/3\/2022\/02\/logo_unicopas_horizontal.png\"\n            data-releasedate=\"\"\n            data-date=\"26 de agosto de 2022\"\n            data-show-date=\"\"\n            data-trackTitle=\"boletim 1\"\n            data-trackID=\"35966\"\n            data-trackTime=\"4:03\"\n            data-relatedTrack=\"\"\n            data-post-url=\"\"\n            data-post-id=\"36262\"\n            data-track-pos=3\n            data-track-lyric=\"\"\n            ><span class=\"store-list\"><\/span><\/li><li \n            class=\"sr-playlist-item sr-playlist-item-flex\" \n            data-audiopath=\"\"\n            data-showloading=\"\"\n            data-albumTitle=\"Plataforma de A\u00e7\u00f5es Estrat\u00e9gicas do Cooperativismo Solid\u00e1rio\"\n            data-albumArt=\"https:\/\/unicopas.org.br\/biblioteca\/wp-content\/uploads\/sites\/3\/2022\/03\/PlataformaUnicopas-771x1024.png\"\n            data-releasedate=\"\"\n            data-date=\"31 de mar\u00e7o de 2022\"\n            data-show-date=\"\"\n            data-trackTitle=\"Track 1\"\n            data-trackID=\"\"\n            data-trackTime=\"\"\n            data-relatedTrack=\"\"\n            data-post-url=\"\"\n            data-post-id=\"36112\"\n            data-track-pos=0\n            data-track-lyric=\"\"\n            ><span class=\"store-list\"><\/span><\/li><li \n            class=\"sr-playlist-item sr-playlist-item-flex\" \n            data-audiopath=\"\"\n            data-showloading=\"\"\n            data-albumTitle=\"Cooperativismo Solid\u00e1rio e Sustentabilidade: O futuro n\u00f3s constru\u00edmos agora\"\n            data-albumArt=\"https:\/\/unicopas.org.br\/biblioteca\/wp-content\/uploads\/sites\/3\/2022\/03\/Meio-Ambiente-771x1024.jpg\"\n            data-releasedate=\"\"\n            data-date=\"28 de mar\u00e7o de 2022\"\n            data-show-date=\"\"\n            data-trackTitle=\"Track 1\"\n            data-trackID=\"\"\n            data-trackTime=\"\"\n            data-relatedTrack=\"\"\n            data-post-url=\"\"\n            data-post-id=\"36082\"\n            data-track-pos=0\n            data-track-lyric=\"\"\n            ><span class=\"store-list\"><\/span><\/li><li \n            class=\"sr-playlist-item sr-playlist-item-flex\" \n            data-audiopath=\"\"\n            data-showloading=\"\"\n            data-albumTitle=\"Folder Trabalho e Renda\"\n            data-albumArt=\"https:\/\/unicopas.org.br\/biblioteca\/wp-content\/uploads\/sites\/3\/2022\/03\/Imagem1-771x1024.png\"\n            data-releasedate=\"\"\n            data-date=\"24 de mar\u00e7o de 2022\"\n            data-show-date=\"\"\n            data-trackTitle=\"Track 1\"\n            data-trackID=\"\"\n            data-trackTime=\"\"\n            data-relatedTrack=\"\"\n            data-post-url=\"\"\n            data-post-id=\"35919\"\n            data-track-pos=0\n            data-track-lyric=\"\"\n            ><span class=\"store-list\"><\/span><\/li><li \n            class=\"sr-playlist-item sr-playlist-item-flex\" \n            data-audiopath=\"\"\n            data-showloading=\"\"\n            data-albumTitle=\"A hist\u00f3ria do cooperativismo solid\u00e1rio no mundo e no Brasil, com reflex\u00e3o sobre a coopera\u00e7\u00e3o nas comunidades quilombolas e povos ind\u00edgenas.\"\n            data-albumArt=\"https:\/\/unicopas.org.br\/biblioteca\/wp-content\/uploads\/sites\/3\/2022\/03\/historia-coopsol-2-757x1024.png\"\n            data-releasedate=\"\"\n            data-date=\"16 de mar\u00e7o de 2022\"\n            data-show-date=\"\"\n            data-trackTitle=\"Track 1\"\n            data-trackID=\"\"\n            data-trackTime=\"\"\n            data-relatedTrack=\"\"\n            data-post-url=\"\"\n            data-post-id=\"624\"\n            data-track-pos=0\n            data-track-lyric=\"\"\n            ><span class=\"store-list\"><\/span><\/li><li \n            class=\"sr-playlist-item sr-playlist-item-flex\" \n            data-audiopath=\"\"\n            data-showloading=\"\"\n            data-albumTitle=\"Orienta\u00e7\u00f5es para Assembleias das Cooperativas e Associa\u00e7\u00f5es\"\n            data-albumArt=\"https:\/\/unicopas.org.br\/biblioteca\/wp-content\/uploads\/sites\/3\/2022\/03\/Folder-Assembleias-500x281-1.png\"\n            data-releasedate=\"\"\n            data-date=\"3 de mar\u00e7o de 2022\"\n            data-show-date=\"\"\n            data-trackTitle=\"Track 1\"\n            data-trackID=\"\"\n            data-trackTime=\"\"\n            data-relatedTrack=\"\"\n            data-post-url=\"\"\n            data-post-id=\"324\"\n            data-track-pos=0\n            data-track-lyric=\"\"\n            ><span class=\"store-list\"><\/span><\/li><\/ul><\/div><\/div><\/div><div class=\"album-player\"><div class=\"track-title\"><\/div> <div class=\"player \" ><div class=\"sr_progressbar\">\n                \n            <div class=\"currentTime\"><\/div>\n         \n                <div id=\"arbitrary-instance-69ed4944675ea-698d54d19f-wave\" class=\"wave\" >\n                \n            <div class=\"sonaar_fake_wave\" >\n                <audio src=\"\" class=\"sonaar_media_element\"><\/audio>\n                <div class=\"sonaar_wave_base\">\n                    <canvas id=arbitrary-instance-69ed4944675ea-container class=\"\" height=\"70\" width=\"2540\"><\/canvas>\n                    <svg><\/svg>\n                <\/div>\n                <div class=\"sonaar_wave_cut\">\n                    <canvas id=arbitrary-instance-69ed4944675ea-progress class=\"\" height=\"70\" width=\"2540\"><\/canvas>\n                    <svg><\/svg>\n                <\/div>\n            <\/div> \n                <\/div>\n                \n            <div class=\"totalTime\"><\/div>\n         \n             <\/div><div class=\"srp_main_control srp_oneColumn\"><div class=\"control\"><div class=\"previous\" style=\"opacity:0;\">\n                <svg version=\"1.1\" id=\"Layer_1\" xmlns=\"http:\/\/www.w3.org\/2000\/svg\" xmlns:xlink=\"http:\/\/www.w3.org\/1999\/xlink\" width=\"16\" height=\"18.33\" x=\"0px\" y=\"0px\" viewBox=\"0 0 10.2 11.7\" style=\"enable-background:new 0 0 10.2 11.7;\" xml:space=\"preserve\">\n                    <polygon points=\"10.2,0 1.4,5.3 1.4,0 0,0 0,11.7 1.4,11.7 1.4,6.2 10.2,11.7\"\/>\n                <\/svg>\n            <\/div><div class=\"play\" style=\"opacity:0;\">\n                <svg version=\"1.1\" xmlns=\"http:\/\/www.w3.org\/2000\/svg\" xmlns:xlink=\"http:\/\/www.w3.org\/1999\/xlink\" width=\"26\" height=\"31.47\" x=\"0px\" y=\"0px\" viewBox=\"0 0 17.5 21.2\" style=\"enable-background:new 0 0 17.5 21.2;\" xml:space=\"preserve\">\n                    <path d=\"M0,0l17.5,10.9L0,21.2V0z\"\/>\n                    <rect width=\"6\" height=\"21.2\"\/>\n                    <rect x=\"11.5\" width=\"6\" height=\"21.2\"\/>\n                <\/svg>\n            <\/div><div class=\"next\" style=\"opacity:0;\">\n                <svg version=\"1.1\" xmlns=\"http:\/\/www.w3.org\/2000\/svg\" xmlns:xlink=\"http:\/\/www.w3.org\/1999\/xlink\" width=\"16\" height=\"18.33\" x=\"0px\" y=\"0px\" viewBox=\"0 0 10.2 11.7\" style=\"enable-background:new 0 0 10.2 11.7;\" xml:space=\"preserve\">\n                    <polygon points=\"0,11.7 8.8,6.4 8.8,11.7 10.2,11.7 10.2,0 8.8,0 8.8,5.6 0,0\"\/>\n                <\/svg>\n            <\/div><\/div><div class=\"control\"><\/div><\/div><\/div><\/div><div class=\"album-store\"><\/div><\/div><script>if(typeof setIronAudioplayers !== \"undefined\"){ setIronAudioplayers(\"arbitrary-instance-69ed4944675ea\"); }<\/script><\/article><\/div><\/div>","protected":false},"excerpt":{"rendered":"<p>Escolha um programa para ouvir a playlist<\/p>\n","protected":false},"author":6,"featured_media":0,"parent":0,"menu_order":0,"comment_status":"closed","ping_status":"closed","template":"","meta":{"_coblocks_attr":"","_coblocks_dimensions":"","_coblocks_responsive_height":"","_coblocks_accordion_ie_support":"","site-sidebar-layout":"no-sidebar","site-content-layout":"plain-container","ast-global-header-display":"","ast-main-header-display":"","ast-hfb-above-header-display":"","ast-hfb-below-header-display":"","ast-hfb-mobile-header-display":"","site-post-title":"enabled","ast-breadcrumbs-content":"enabled","ast-featured-img":"","footer-sml-layout":null,"theme-transparent-header-meta":"","adv-header-id-meta":null,"stick-header-meta":null,"header-above-stick-meta":null,"header-main-stick-meta":null,"header-below-stick-meta":null,"footnotes":""},"class_list":["post-576","page","type-page","status-publish","hentry"],"_links":{"self":[{"href":"https:\/\/unicopas.org.br\/biblioteca\/wp-json\/wp\/v2\/pages\/576","targetHints":{"allow":["GET"]}}],"collection":[{"href":"https:\/\/unicopas.org.br\/biblioteca\/wp-json\/wp\/v2\/pages"}],"about":[{"href":"https:\/\/unicopas.org.br\/biblioteca\/wp-json\/wp\/v2\/types\/page"}],"author":[{"embeddable":true,"href":"https:\/\/unicopas.org.br\/biblioteca\/wp-json\/wp\/v2\/users\/6"}],"replies":[{"embeddable":true,"href":"https:\/\/unicopas.org.br\/biblioteca\/wp-json\/wp\/v2\/comments?post=576"}],"version-history":[{"count":18,"href":"https:\/\/unicopas.org.br\/biblioteca\/wp-json\/wp\/v2\/pages\/576\/revisions"}],"predecessor-version":[{"id":36268,"href":"https:\/\/unicopas.org.br\/biblioteca\/wp-json\/wp\/v2\/pages\/576\/revisions\/36268"}],"wp:attachment":[{"href":"https:\/\/unicopas.org.br\/biblioteca\/wp-json\/wp\/v2\/media?parent=576"}],"curies":[{"name":"wp","href":"https:\/\/api.w.org\/{rel}","templated":true}]}}